320 (base 6) to base 16
-bcc40
Convert 1d81cd (base 14) to base 6.
34413213
What is 297b (base 14) in base 4?
1303001
What is -25654564 (base 8) in base 9?
-11684521
Convert 100010101001001110 (base 2) to base 13.
4c787
2100141234 (base 5) to base 10
4302694
Convert -362744 (base 8) to base 11.
-85500
8e227 (base 15) to base 8
1564201
Convert -19d82e9 (base 15) to base 16.
-1208e4a
-1789 (base 11) to base 15
-a1a
What is 1102107 (base 9) in base 15?
ba641
271873 (base 9) to base 12
7b910
-12267504 (base 8) to base 3
-12002221220121
Convert -188676 (base 10) to base 14.
-4ca8c
What is 115288 (base 12) in base 4?
1010001020
What is -8641943 (base 10) in base 13?
-1a3769b
Convert 545021 (base 12) to base 8.
5060731
-11c533 (base 15) to base 12
-350a49
318044 (base 10) to base 13
b19bc
1b46c (base 14) to base 10
69480
-520547 (base 9) to base 11
-1a1021
Convert -11212112000202 (base 3) to base 2.
-1001111000000000011011
What is -120212012001200 (base 3) in base 6?
-500350330
-3cc43 (base 15) to base 16
-2fa42
-16256425 (base 7) to base 14
-2d0b85
What is 60534 (base 15) in base 14?
7d1a4
Convert 2a898 (base 15) to base 8.
413357
What is 26301220 (base 7) in base 8?
11127020
-22144124 (base 6) to base 14
-135152
697088 (base 10) to base 4
2222030000
Convert -17801 (base 12) to base 6.
-421201
7aaa1 (base 11) to base 15
24a7d
Convert -25477102 (base 8) to base 16.
-567e42
Convert 30300002203 (base 4) to base 8.
14600243
What is 214444222 (base 5) in base 13?
26a8c7
Convert -a34ec6 (base 16) to base 15.
-e161c4
Convert -acc8c7 (base 13) to base 9.
-7613507
What is -67aa65 (base 16) in base 5?
-3214400304
11220220112 (base 3) to base 11
66882
Convert 25251c (base 16) to base 8.
11222434
1a9315 (base 16) to base 5
421212324
-1311232411 (base 5) to base 11
-1904737
What is 10110100111100000100110 (base 2) in base 4?
112213200212
Convert 72117 (base 12) to base 14.
3c307
Convert 2357 (base 16) to base 11.
6885
2250106 (base 7) to base 8
1044614
What is 10011010000110101101000 (base 2) in base 13?
107a5ba
Convert 214324131 (base 5) to base 15.
1366cb
Convert -110101100001110000 (base 2) to base 16.
-35870
What is 1410657 (base 8) in base 16?
611af
132106 (base 8) to base 13
18010
Convert 4e1e09 (base 16) to base 9.
10562560
10002111122220 (base 3) to base 12
673229
Convert -2688487 (base 12) to base 10.
-7645351
12014443 (base 5) to base 15
22b9d
9a790b (base 16) to base 15
d4e871
98b482 (base 13) to base 11
203603a
Convert 6837a5 (base 11) to base 14.
204901
Convert 101220034 (base 5) to base 13.
116445
Convert -2998a1 (base 11) to base 15.
-93539
Convert -2055103 (base 7) to base 5.
-30432240
Convert 63441261 (base 7) to base 15.
711866
Convert 1110011111101010111 (base 2) to base 16.
73f57
-1147761 (base 10) to base 9
-2138380
6255237 (base 8) to base 11
a35425
Convert 28831 (base 10) to base 15.
8821
Convert 2160160 (base 7) to base 6.
5414134
What is -3003002003 (base 4) in base 16?
-c3083
What is 2100310 (base 4) in base 3?
110201021
-14154523 (base 6) to base 3
-220111000020
Convert 2c18a1 (base 13) to base 2.
100001001110111100110
-8738632 (base 9) to base 8
-21711725
What is -1463641 (base 7) in base 6?
-4144511
Convert 160084 (base 16) to base 12.
596544
Convert 480ba (base 16) to base 2.
1001000000010111010
Convert -65230422 (base 7) to base 4.
-111033333210
Convert 2515360 (base 7) to base 16.
4f036
2331131121 (base 5) to base 2
10100010110000100100110
Convert -11003230130 (base 4) to base 12.
-53b338
What is -21122210011102 (base 3) in base 15?
-555e6b
What is 22200232 (base 5) in base 4?
233110121
Convert -b88453 (base 14) to base 8.
-27647471
What is -1000100001010010111 (base 2) in base 7?
-2241653
What is -96759b (base 12) in base 13?
-652b1a
What is -255212115 (base 6) in base 5?
-2240301034
Convert 38c81 (base 15) to base 2.
101100010111000000
Convert -4234052 (base 7) to base 10.
-512822
11001000110111001 (base 2) to base 16
191b9
What is -1152240 (base 6) in base 3?
-10010021120
What is 191266 (base 10) in base 7?
1424425
Convert -21101202101 (base 3) to base 14.
-3b0d7
What is 1322310 (base 6) in base 7?
423120
-131213444 (base 6) to base 8
-11666304
2324522 (base 8) to base 3
1012011112202
Convert 115588 (base 15) to base 5.
203000003
Convert 3404489 (base 11) to base 9.
12201136
-62332 (base 7) to base 14
-57c2
What is 11541240 (base 7) in base 12?
41b170
What is -72b3 (base 13) in base 11?
-10a11
-10c1741 (base 13) to base 16
-4eeeee
What is 1011100112020200 (base 3) in base 15?
16e1e39
-4145377 (base 9) to base 11
-12831a0
Convert -230141421 (base 5) to base 16.
-f962e
What is -1cc3b9 (base 13) in base 8?
-2647270
What is 38245 (base 13) in base 14?
29abc
1792aa (base 11) to base 14
72779
Convert 44780 (base 10) to base 14.
12468
What is -22b7528 (base 12) in base 3?
-110121221011212
1213302 (base 5) to base 7
123626
What is -1223112441 (base 5) in base 11?
-172a0a1
Convert 3363610 (base 7) to base 10.
419104
258924 (base 10) to base 12
105a10
-1748b (base 14) to base 7
-332434
Convert -7896872 (base 10) to base 14.
-1097c24
-45255141 (base 7) to base 12
-1396259
What is -3a8759 (base 12) in base 3?
-1211012212220
-416344 (base 7) to base 15
-16461
-10659 (base 16) to base 13
-24753
Convert 574cc (base 15) to base 10.
277842
Convert 3110421 (base 5) to base 6.
1030520
88188 (base 10) to base 16
1587c
What is 293202 (base 12) in base 6?
22441202
Convert 4214214 (base 5) to base 15.
15ac4
Convert -111111101110100100 (base 2) to base 5.
-31323103
What is 914026 (base 11) in base 15?
1e05d7
What is -17efa0 (base 16) in base 7?
-16222250
-12230123 (base 5) to base 9
-188207
Convert -31233013 (base 5) to base 3.
-111010121101
What is -1001011111101011 (base 2) in base 13?
-14918
-27435 (base 11) to base 6
-501041
Convert 66ab75 (base 14) to base 12.
120202b
What is -62802 (base 13) in base 15?
-37729
What is 13225013 (base 6) in base 4?
1223031201
Convert 2112033103 (base 4) to base 15.
c2504
Convert 471871 (base 9) to base 7.
2260501
Convert 231221113 (base 4) to base 10.
186967
Convert -1241532 (base 7) to base 2.
-100111011011000110
Convert 1900b39 (base 13) to base 15.
ab5ca3
Convert -2140013 (base 7) to base 12.
-10755b
Convert -371990 (base 10) to base 11.
-234533
Convert -50511426 (base 7) to base 5.
-2034022320
Convert -10133514 (base 6) to base 4.
-1013121112
What is 13f0f (base 16) in base 15?
19304
What is -3145233 (base 6) in base 11?
-a5862
Convert 619611 (base 11) to base 10.
993664
What is -23233302310 (base 4) in base 8?
-13576264
Convert -132044214 (base 5) to base 11.
-410392
Convert 1695a80 (base 12) to base 3.
22210112221220
Convert -66c16 (base 13) to base 14.
-4c003
What is -10011011110110111101011 (base 2) in base 8?
-23366753
What is 118515 (base 11) in base 14?
4c1c5
Convert 37add (base 14) to base 9.
227350
-5451a67 (base 11) to base 9
-20017271
What is 3541504 (base 6) in base 14?
4b2da
What is -121124413 (base 5) in base 6?
-20055123
43304152 (base 6) to base 3
2102020021112
What is -4735087 (base 10) in base 14?
-8b3887
What is a306 (base 12) in base 16?
4536
Convert 123551 (base 10) to base 12.
5b5bb
317014 (base 8) to base 9
171353
cb4062 (base 15) to base 16
93c017
What is 220211020022120 (base 3) in base 9?
26736276
Convert -626604 (base 10) to base 11.
-398860
What is -10001100011100111001000 (base 2) in base 6?
-242351000
What is 100001330 (base 4) in base 2?
10000000001111100
What is -1224111 (base 7) in base 16?
-26736
What is -11642135 (base 7) in base 8?
-4007357
-20541 (base 12) to base 10
-42241
Convert -583106 (base 9) to base 5.
-42200012
35741 (base 8) to base 2
11101111100001
115b2b (base 14) to base 13
1796b5
-15300 (base 10) to base 9
-22880
What is -25504245 (base 7) in base 5?
-1043231434
Convert 583ce (base 16) to base 6.
11425130
What is -73271 (base 10) in base 3?
-10201111202
What is -134432241 (base 5) in base 4?
-2223123310
What is -10102100022 (base 3) in base 13?
-24845
What is 394a505 (base 11) in base 2?
11010000101000110010010
What is 11220541 (base 6) in base 9?
575147
-1110111000001110 (base 2) to base 15
-130cc
Convert -d2d5 (base 16) to base 13.
-1b74a
2067801 (base 9) to base 16
10e820
What is 2840833 (base 10) in base 16?
2b5901
-717e (base 15) to base 11
-17010
-21